a + 842 = 2*j, -5*j = -3*a - 621. Let l be (a/(-6))/(22/33). Let x = l - -244. Calculate the highest common divisor of x and 27.
27
Suppose -2*f + 0 = -26. Suppose 4*p + 8 = 0, 4*u - p + 2*p = -774. Let g = 284 + u. What is the highest common divisor of f and g?
13
Let q(s) = -43*s**2 - 443*s - 123. Let k be q(-10). Let i be (98/(-8))/(1/(-4)). What is the greatest common divisor of i and k?
7
Let f(o) = 8*o**2 - 5*o + 54. Let z be f(7). Calculate the highest common divisor of z and 3425.
137
Let o = -61 - -66. Suppose -4*a + 60 = -4*t, 0 = a - o*t + 8*t - 23. Calculate the highest common factor of a and 34.
17
Let u be 9 + -17 + 14 + 1299*2. Calculate the greatest common factor of 36 and u.
12
Suppose k + 0*k = w - 27, -5*w - 4*k = -171. Suppose q = b - w, -3*b + 125 = 2*b + q. What is the greatest common divisor of b and 312?
26
Let r(q) = 3*q**2 + 5*q - 272. Let i be r(-12). What is the greatest common divisor of 160 and i?
20
Suppose -7*h + 2967 = 2652. Let d = -18 - -22. Suppose 3*y = 4*i + 229, 0*i = d*y - 3*i - 303. Calculate the greatest common divisor of h and y.
15
Let o(y) = -4*y + 2*y - 2*y. Let u be o(4). Let g = 97 + u. What is the highest common factor of g and 9?
9
Suppose 4*k + 13 = 3*q, 0 = -4*q - 4*k + 8 - 0. Let t be 1*-58*(-5)/10. Suppose h + 5 - t = 0. What is the highest common factor of h and q?
3
Let y(p) = p**3 + 53*p**2 - 115*p + 132. Let i be y(-55). Suppose u - 5*f - i = 0, 5*u - 5*f = -9*f + 2180. Calculate the greatest common factor of 162 and u.
54
Let c(u) = -u**2 + 11*u - 21. Let b(x) = 6*x - 21. Let d be b(5). Let o be c(d). Let y be -2 - o - (-682)/11. What is the highest common divisor of y and 7?
7
Suppose 22*x + 48*x = 23*x + 31866. What is the highest common divisor of x and 4972?
226
Let f(d) = d**2 - 3*d - 12. Let j be f(7). Suppose -2*t = -4*t + j. Suppose -8 = -u + t. Calculate the greatest common divisor of 32 and u.
16
Let j be (435/(-75))/((-2)/120). Calculate the greatest common factor of j and 957.
87
Let n be ((-57)/(-63))/((-3)/18)*-7. Suppose -n = -2*m - z, 2*m + 5*z + 17 - 63 = 0. Calculate the greatest common factor of 8 and m.
2
Let a = -6378 - -6406. What is the highest common divisor of a and 1148?
28
Let p = 3701 - 3677. Calculate the highest common factor of p and 948.
12
Let j(r) = -r**3 - 2*r**2 - 5*r - 15. Let m be j(-3). Let g be 1224/m*(-3)/(-6). Calculate the highest common factor of g and 17.
17
Suppose 2*r = -4*y - 3*r + 249, -4*y - 2*r = -234. Suppose 50*x + 20 = 52*x. Let i be 37 + x*5/10. Calculate the greatest common factor of y and i.
14
Suppose -2*r = -2*x - 8622, 23*x - 12937 = -3*r + 28*x. What is the highest common divisor of r and 139?
139
Let c(j) = j - 10. Let a be c(0). Let g(f) = f**2 - 3*f - 13. Let b be g(a). Let x be 10 + -14 - -11 - -2. Calculate the greatest common factor of x and b.
9
Let a = -487 + 84. Let q = a + 227. Let j = q + 319. Calculate the greatest common factor of 13 and j.
13
Let g be (-1)/(-6) - (-20)/(840/497). Calculate the highest common factor of 411 and g.
3
Let t(l) = -64*l - 16. Let f be t(-5). Suppose f = -15*i + 23*i. What is the highest common factor of 38 and i?
38
Let g(y) be the third derivative of -5/3*y**3 + 0*y + 0 + 28*y**2 - 1/12*y**4. Let r be g(-7). Calculate the highest common factor of r and 40.
4
Let b(k) = 90*k**2 - 29*k + 29. Let s = 789 + -788. Let d be b(s). Calculate the highest common factor of d and 170.
10
Let c be (1554/63)/(4/498). Calculate the highest common factor of c and 166.
83
Suppose 5*r - 1545 - 970 = 0. Let p = -501 + r. What is the highest common factor of 78 and p?
2
Let t be ((-10608)/(-32))/(54/72). What is the greatest common factor of t and 170?
34
Let s be (-2)/(-8) - (221960/32)/(-31). What is the greatest common divisor of 304 and s?
16
Let x be (100/(-15))/(8/(-6) + 1). Let l be (1 - 1)*-1*(-2)/6. Suppose l*q - 4*z = 4*q - 176, 136 = 3*q + 4*z. Calculate the highest common divisor of q and x.
20
Let d = -237069 - -237101. Let f(t) = 61*t. Let k be f(5). Suppose 15 = 4*y - k. Calculate the highest common divisor of y and d.
16
Suppose -3*x = u - 4872, 0 = -4*x + 3*u - 4*u + 6497. Calculate the highest common factor of x and 125.
125
Let g = -1 - -169. Let z be (551/4)/1 + 42/g. Calculate the greatest common divisor of 184 and z.
46
Let i = -2624 - -2787. Calculate the highest common divisor of i and 5053.
163
Suppose 7014 + 80 = 77*v + 626. Calculate the highest common factor of 5684 and v.
28
Let n(a) = a**3 - 8*a**2 - 51*a + 87. Let x be n(12). Calculate the highest common divisor of x and 221.
17
Let d be (-5256)/(-45) + 7/35. Calculate the greatest common factor of 1629 and d.
9
Suppose 0 = -5*q, -66*q = m - 71*q - 5. Calculate the highest common factor of 2935 and m.
5
Suppose 128*g = 7701 + 1508 - 1529. Let r(m) = 15*m. Let f be r(1). What is the greatest common divisor of f and g?
15
Let n(h) = 56*h**2 - 269*h - 25. Let x be n(5). Calculate the highest common divisor of 11385 and x.
15
Suppose -54527 = -10*v - 3527. Calculate the greatest common divisor of 85 and v.
85
Suppose 586*j + 2918 = 587*j + 5*a, 0 = -2*j + a + 5781. What is the highest common divisor of j and 22?
11
Suppose t + 4*t - 175 = 0. Let c = 72289 - 72128. What is the greatest common divisor of t and c?
7
Suppose 0 = 3*d - 4*x - 32, 0 = 3*d + x + x - 20. Suppose 0 = -3*u + 5*u - 5*l - 703, 5*u - 1726 = 2*l. Calculate the greatest common factor of d and u.
8
Suppose -58 - 326 = -6*p. Suppose -3*w = -6*w + 96. Calculate the highest common divisor of w and p.
32
Suppose -4*l - 4*t + 204 = 0, 10*l + 3*t - 22 - 551 = 0. Calculate the highest common factor of 21 and l.
3
Let z(s) = -s**3 - 5*s**2 + 9*s + 49. Let k be z(-5). Suppose 59 = k*d + 3*t - 29, -2*t = 0. What is the highest common factor of 594 and d?
22
Let t be (-7167)/(-9) - (-2)/(-6). Suppose t = 4*u - 2*k, -k - 194 = -u - 3*k. Let f = 61544 + -61526. Calculate the highest common factor of f and u.
18
Suppose 4*u - g = 4*g + 564, -2*g - 423 = -3*u. Suppose 0 = 27*b - 352 + 2134. Let k = u + b. Calculate the greatest common divisor of k and 15.
15
Let k(m) = -3*m**3 - 3*m**2 + 12*m - 9. Let g be k(-6). Let u be ((-972)/(-30))/6*(5 + 0). What is the greatest common divisor of u and g?
27
Let f(x) = -x**2 - 267*x + 1097. Let k be f(4). Calculate the highest common divisor of 64987 and k.
13
Suppose -23245 - 68867 = -161*w - 142*w. Calculate the greatest common factor of w and 38.
38
Let b = 238 + -236. Let j be 1/(6/60)*(b + 24). Calculate the greatest common factor of j and 78.
26
Let d(o) be the third derivative of 11*o**4/6 + 13*o**3/3 + 88*o**2. Let r be d(6). Calculate the greatest common factor of r and 116.
58
Let n be 4/6 - 700/(-21). Suppose -4*p + 62 = 3*k - n, 3*p = -5*k + 61. Suppose -3*o = -3*r - 0*o + p, o = -1. Calculate the highest common divisor of r and 4.
4
Let x = 5495 + -5299. Let i be 3/((-15)/(-4))*5. Calculate the greatest common factor of i and x.
4
Let j(o) = 72*o**2 + 29*o + 28. Let n be j(-1). What is the highest common divisor of 568 and n?
71
Let m = -24 + 23. Let k be (-12)/(-8)*36 - m. Suppose u + 3 = -2, l - 5*u - k = 0. Calculate the greatest common divisor of 10 and l.
10
Suppose -25*j = 78323 - 278769 - 80054. What is the highest common factor of j and 68?
68
Suppose -4*l - 175 = -5*j + 266, 0 = -4*j + l + 344. Suppose j*k = 82*k + 87. Let d = 167 - 109. What is the greatest common factor of d and k?
29
Suppose -54*y + 52*y + 5380 = 0. What is the highest common divisor of y and 5?
5
Suppose -4*c + 166192 = 14*c + 16*c. Calculate the highest common divisor of c and 91.
13
Let l = 616 - -125. Suppose 5*t = 73 + 212. What is the greatest common factor of t and l?
57
Let s = -3313 + 8802. What is the highest common divisor of s and 22?
11
Let u be -6*56/(-48)*52. Calculate the highest common divisor of 56 and u.
28
Suppose -5*b + 0*b = -40. Suppose -2 = -2*d + b. Suppose -21*y + 24*y = 120. What is the highest common factor of d and y?
5
Let l = 7796 - 7792. Suppose -5*b - 352 = 4*j, -4*j + 2*j + 62 = -b. Let i be 1220/18 + (l - b/(-18)). Calculate the greatest common factor of i and 51.
17
Let a be ((-252)/(-70))/(5/900). What is the greatest common factor of a and 8?
8
Suppose -j = 4*o - 5126 + 1458, -3*o - 5*j = -2734. Let s 